13 + 22)).
-2
-3 + (2 - 2) + (1 - 1)
-3
Evaluate 0 + 2 + (-63 - -62).
1
What is the value of -12 + 10 + -1 + 1 + 1?
-1
What is -8 + -5 + 7 - -5?
-1
-3 - 3 - (-10 - -4)
0
Calculate -4 + (5 + 0 - (-20 + 21)).
0
Evaluate 4 + (7 - (2 + -4 - -8)).
5
Evaluate -1 + (-3 - (-1 + 0 + -8)).
5
-2 + -10 - (6 + -13)
-5
Calculate -9 - 0 - (-10 + 6).
-5
1 + (-4 - -13) - 6 - 0
4
Calculate (-9 - (-6 - (-2 - 0))) + 8.
3
(50 - 54) + -2 + 1 + -1
-6
(-5 - 6) + 10 + (-2 - -1)
-2
Calculate -15 + 7 + (-6 - -12).
-2
(1 + -2 - -3) + -4
-2
Evaluate -53 + 64 - (7 - (1 - -1)).
6
1 + 3 + (-156 - -155)
3
Calculate 8 + (14 - 19 - -3).
6
Calculate 1 - ((-13 - -3) + -9 + 14).
6
What is (0 + -4 - -13) + -7 + 1?
3
What is the value of 2 - 5 - (-1 - (3 - 5))?
-4
-16 - (-9 + 3) - -7
-3
What is (3 - 2) + (-14 - (0 - 8))?
-5
4 + (2 - 3 - 0) + 0
3
Evaluate 2 - 1 - (0 - 0) - 1.
0
-2 - (-4 + -6 + 5)
3
Evaluate 3 - 6 - (7 + -14 + 7).
-3
What is the value of 0 - -4 - (10 - 14) - 2?
6
Calculate -2 + -4 + (5 - 0 - 0).
-1
Calculate 0 + (7 - 5) - (-1 - 1).
4
0 + 0 + (7 - 0) - -1
8
What is the value of -1 + (-4 - -3) - -3?
1
4 - 8 - 0 - -1
-3
Evaluate (5 - -1) + 14 + -17.
3
1 + 1 - (8 + 12 - 14)
-4
What is the value of 13 + -10 - (1 + 2)?
0
What is 2 + -6 + 8 - 2?
2
What is 0 + (3 - (2 + 0)) + -6?
-5
What is the value of -1 + -1 + 0 + -3 + 4?
-1
What is -4 - (-11 + (2 - (-8 + 5)))?
2
What is 5 + (6 - 2 - 6)?
3
Evaluate 4 + -17 + (-2 - -10).
-5
What is the value of 1 + 1 - ((-4 - 0) + 8)?
-2
What is the value of (-8 - -1) + (11 + -3 - 7)?
-6
Calculate -8 + 7 + -1 + (4 - 1).
1
What is the value of 10 + -18 - (-18 + 16)?
-6
Calculate -8 - (8 - 21) - 3.
2
What is (-6 + -1 - -10) + (-3 - -6)?
6
What is 1 - (12 + -4 + (-4 - 2))?
-1
-1 + 5 + -8 + 4
0
What is the value of -1 + 2 - (9 + -18 - -9)?
1
What is (-14 - (-14 - -6)) + 2 - -7?
3
Calculate 5 + 8 + -5 + -3.
5
Calculate 6 - (2 - 4) - 4.
4
Evaluate 2 - (9 - (8 + (-4 - -1))).
-2
Calculate (11 + -7 - -7) + -8.
3
Evaluate (17 + -10 - 8) + 0.
-1
What is the value of (6 - 8) + 2 + 0 - -5?
5
Calculate -13 - (0 + -6 + -17).
10
Calculate (4 - 1) + -35 + 31.
-1
(-2 - -8) + -13 + 11 + 4
8
What is -8 + 3 + 5 + -1?
-1
Evaluate -6 + 16 + -1 + -4.
5
Calculate (-1 - 2) + -2 + 7 + 1.
3
Evaluate (2 - 4) + (-1 - -3).
0
Evaluate -1 + 1 - (-1 + 3).
-2
Evaluate (9 + -7 - 3) + 8.
7
What is the value of (11 + -19 - (-6 - -2)) + 1?
-3
What is 14 - (26 - (5 + 1))?
-6
What is -2 - (5 - (-4 - -9) - 3)?
1
What is the value of -10 + (5 - (-2 - -2)) + 4?
-1
Evaluate -7 - (-2 - (6 - 9)).
-8
-1 - (-4 - ((4 - 9) + 0))
-2
-5 - -9 - (3 - (2 - -1))
4
What is (12 - -2 - 1) + -6 + 2?
9
What is 4 - 0 - (8 + -5 - 4)?
5
0 - ((1 - 9) + (5 - 3))
6
What is -4 + 15 + (-12 - -10)?
9
Evaluate -8 + 2 + 0 + -31 + 41.
4
What is 6 + (-1 + -13 - -3) + 5?
0
Evaluate 45 - 44 - (2 + -1).
0
What is (0 - 4) + (55 - 54)?
-3
What is -1 - (3 + 11 + -15)?
0
What is the value of -1 + 10 - 0 - (1 - -5)?
3
-5 + 0 + (3 - (5 - 4))
-3
-3 - ((0 - (-3 + 3)) + 0)
-3
What is 11 + -13 - (-3 - (3 + -2))?
2
What is -2 - (0 + -2 + 4 + 0)?
-4
What is 11 + (1 - 1 - (-4 - -9))?
6
-16 + (20 - (-4 + 13))
-5
0 + (2 - (9 + -6 + 4))
-5
What is (1 - 4) + (-1 - (-8 - -3))?
1
What is the value of -3 + (9 + -4 - -2)?
4
-4 + -2 - (8 + -18)
4
Calculate 8 - (4 - (-5 - -5)).
4
(9 - 2) + (-22 - -8)
-7
What is (1 - 3) + 4 + -1 + -3?
-2
What is the value of 1 - 0 - (-2 - 0)?
3
What is the value of -5 + 3 + (-3 - -5)?
0
What is the value of -5 - (-7 + -5 + 4) - 5?
-2
Evaluate 1 + (-2 - 1) + -58 + 63.
3
What is 12 + -1 - (-84 - -90)?
5
-22 - -23 - (-15 + 6)
10
What is 0 + (-2 - -7) - 6?
-1
4 + (1 - 4 - (-8 + 9))
0
What is (5 - (-3 + 6)) + 1?
3
Calculate 217 - 223 - (0 - -1).
-7
Evaluate -1 - (2 - (1 + 7)).
5
Calculate 4 + 0 - (-2 + 7 + -4).
3
What is -3 - (7 + -1 + -7)?
-2
(-3 - -1 - 0) + -1 + 1
-2
Evaluate (6 + 0 - 2) + -4 + 5.
5
What is the value of 6 + 0 + 1 + -12?
-5
What is the value of 5 + (-7 - 6 - -2)?
-6
Calculate (6 - 1) + (18 - 18 - 6).
-1
What is the value of 3 + 6 + (-7 - (-4 - 4))?
10
What is the value of 1 + (-1 - -11 - (-29 + 36))?
4
Evaluate -4 + (2 - (-2 + 0)).
0
-7 + 0 + 6 + 3
2
What is 14 - 1 - (64 + -60)?
9
What is the value of (-4 - 0) + 7 - 2?
1
What is -8 - (-3 - 1) - -4?
0
What is the value of 1 + (0 + -3 - -2) + 4?
4
What is the value of (-3 - -6) + (1 - 2)?
2
(13 - 5) + -5 - 1
2
What is the value of (-126 - -129) + (1 - 1)?
3
-2 - 2 - (7 - 7)
-4
What is (8 - 3) + (17 - 16) + -9?
-3
-8 - ((7 - 31) + 11)
5
153 + -147 + (0 - 7)
-1
What is the value of -16 - (6 - (-6 - (-26 + 7)))?
-9
Calculate (6 - (-3 - -6) - 2) + -3.
-2
Evaluate -5 - -6 - (1 - 2).
2
What is 1 - 4 - (-3 + 4 + 0)?
-4
What is (-6 - -4) + (2 - (-8 + 4))?
4
What is the value of (3 + -7 - -8) + -2?
2
What is (9 - 10) + (0 - -6) - 2?
3
What is the value of -3 - (-5 + -1) - -2?
5
2 + -6 - (18 - 18)
-4
What is the value of 4 - (3 - (-3 + 11) - -6)?
3
Evaluate 3 + (-1 - 1) - (8 + -5).
-2
0 + -5 + (-3 - -4)
-4
What is -1 - -5 - (16 - (-1 + 9))?
-4
What is the value of 5 + 2 - (13 - 13 - -8)?
-1
What is the value of -159 - -166 - (3 + 0 + 1)?
3
Evaluate (4 + 5 + -1 - -3) + -3.
8
-13 + 12 - (2 + -2 + 0)
-1
(-6 - -3 - -10) + -12
-5
0 - 1 - ((10 - 4) + -9)
2
What is the value of -2 + 2 - (11 - (12 + 2))?
3
Calculate -4 + 7 - (6 - 0).
-3
What is the value of (1 - 1) + (5 - 12) + 10?
3
What is -1 - (-4 - (-5 + 0))?
-2
What is 3 + -4 + 1 + -4?
-4
What is (-5 - -1 - 0) + -1?
-5
What is (-9 - -2) + 3 + 0 - -2?
-2
What is the value of -4 - (-12 - (-11 + 8))?
5
4 + (-3 - (-8 - -15))
-6
(-8 - -2) + 1 + (3 - 1)
-3
1 - -2 - (-15 - -19)
-1
What is the value of -3 + 6 + 5 + -1?
7
What is the value of 17 - 26 - (0 - (0 - -5))?
-4
What is -4 - ((0 - 1) + -1)?
-2
What is -3 + -1 + (0 - -1) + 1?
-2
What is the value of (-5 - (-2 + 8)) + 9?
-2
-1 + -1 + (4 - 6)
-4
Calculate (3 - (2 + 6)) + 10 + -11.
-6
Calculate -2 + (-6 - -9) - 15 - -5.
-9
8 + (4 - 8) + 1
5
Calculate -2 + -10 - (-55 + 32).
11
What is the value of -11 + 14 - 12 - -14?
5
Evaluate (3 + -2 - 1) + 2 - -1.
3
Calculate -2 - (-2 - (-2 - -8)) - 2.
4
What is the value of (25 - 24) + (1 - 4)?
-2
-35 + 34 - (0 + -4)
3
What is 2 + (-2 - 2) - (-2 + 0)?
0
Calculate 4 - (4 + 2) - (-1 + 1).
-2
Calculate 1 + -4 + (-5 - -5).
-3
Calculate -2 + -2 + 6 + 0.
2
Calculate 8 - (-2 - (-13 - -1)).
-2
Calculate -8 + (-7 + 2 - -3) - -5.
-5
(4 - 2) + -1 + 4 + 0
5
What is (6 - (-5 - -8)) + (1 - 5)?
-1
What is -7 - (-3 + -4 + 3)?
-3
What is the value of 2 + 0 + -3 + (5 - 0)?
4
What is the value of 1 + 0 - (-2 + 3 + -1)?
1
2 + 5 + (-3 - -3) - 12
-5
Evaluate 4 + 2 + -1 + -5 + 0.
0
What is 9 - 9 - (-4 - (-4 + 5))?
5
Calculate -1 - ((5 - 0) + (-5 - -3)).
-4
(3 - 5 - 3) + 4
-1
Evaluate (-2 - 0) + (-2 - -1).
-3
What is 5 + 3 - (-1 - -8)?
1
What is (2 + -3 - 1) + (3 - -6)?
7
What is the value of 5 - ((-4 - -3) + 3) - -1?
4
2 + -8 + -6 + 9
-3
What is 15 - 24 - (-10 - -1)?
0
What is the value of -4 - (0 - -2 - 3) - -6?
3
What is the value of (1 + -3 - 2) + 3 + -3?
-4
What is the value of (-13 - (-5 - 3)) + -1?
-6
Calculate -4 + -1 - (-2 + 1 + -4).
0
What is -2 - (9 - 19 - -2)?
6
(4 - 6) + 5 - 5
-2
2 - (3 - (-3 - -8)) - -1
5
Calculate 4 - (2 - (5 - 6) - 1).
2
What is (15 - 16) + (2 - 1 - -4)?
4
Evaluate -9 + (13 - -5) + -19.
-10
Evaluate -4 + (6 - -3 - (-2 + 5)).
2
What is the value of 0 + (-5 - -3 - -1) + 3?
2
What is the value of 41 + -23 - (-1 + 11)?
8
Calculate 2 + (4 + 0 + 0 - 3).
3
-5 + (0 - -1) + (4 - 3)
-3
What is -3 - ((-11 - (1 - 8)) + -4)?
5
Evaluate -17 + 10 - -8 - 9.
-8
What is the value of (2 - (8 - (4 + 2))) + 9?
9
Evaluate (-4 - (3 - -2 - 6)) + 3.
0
What is the value of -1 + 1 + -2 + -1 + 0?
-3
Evaluate -2 + 7 + -12 - -8.
1
7 + 7 + -2 + -6
6
What is 7 + (2 - (-2 - -10))?
1
What is the value of (3 - 4) + 3 - 6?
-4
What is 1 + 1 + (-1 - (-4 + 3))?
2
31 + -21 + (-10 - 4)
-4
What is (1 - 2) + 3 + 0?
2
Calculate 7 - (12 + -5 + -3).
3
What is the value of -1 - 2 - (-4 + -4 + 4)?
1
0 + (0 - 3) + 4 + -6
-5
Evaluate 1 + (5 + 1 - 4) + 3.
6
Calculate 1 - 2 - (-8 - (-3 + -9)).
-5
Evaluate (-13 - -5 - -24) + -1 - 5.
10
Evaluate -2 - (3 + -1 + (4 - 6)).
-2
What is the value of (2 - 7 - 0) + -13 + 17?
-1
What is the value of 4 + (-7 - 0) + 6 + 3?
6
What is the value of 21 + -18 + -1 - (-1 - 0)?
3
Calculate 4 + (-3 - 5) + 3.
-1
Calculate -6 + 9 + -4 